 is the hundreds digit of 1785?
7
What is the units digit of 76313?
3
What is the hundreds digit of 753?
7
What is the units digit of 1749?
9
What is the hundreds digit of 400?
4
What is the units digit of 28912?
2
What is the hundreds digit of 22399?
3
What is the tens digit of 679?
7
What is the units digit of 58454?
4
What is the tens digit of 1498?
9
What is the thousands digit of 1222?
1
What is the hundreds digit of 10421?
4
What is the hundreds digit of 23778?
7
What is the hundreds digit of 931?
9
What is the ten thousands digit of 17400?
1
What is the units digit of 22139?
9
What is the units digit of 7816?
6
What is the ten thousands digit of 148434?
4
What is the thousands digit of 2979?
2
What is the hundreds digit of 3883?
8
What is the hundreds digit of 4407?
4
What is the units digit of 14347?
7
What is the units digit of 3361?
1
What is the units digit of 243?
3
What is the tens digit of 703?
0
What is the tens digit of 12948?
4
What is the tens digit of 441?
4
What is the units digit of 51?
1
What is the thousands digit of 2022?
2
What is the tens digit of 52559?
5
What is the thousands digit of 1710?
1
What is the units digit of 7683?
3
What is the tens digit of 928?
2
What is the thousands digit of 34468?
4
What is the units digit of 2276?
6
What is the hundreds digit of 505?
5
What is the units digit of 74918?
8
What is the units digit of 104504?
4
What is the units digit of 1005?
5
What is the tens digit of 151759?
5
What is the tens digit of 9294?
9
What is the tens digit of 8286?
8
What is the thousands digit of 40278?
0
What is the units digit of 447?
7
What is the ten thousands digit of 11171?
1
What is the units digit of 494?
4
What is the hundreds digit of 586?
5
What is the thousands digit of 2469?
2
What is the tens digit of 7682?
8
What is the hundreds digit of 36878?
8
What is the hundreds digit of 9156?
1
What is the thousands digit of 21618?
1
What is the tens digit of 61242?
4
What is the units digit of 865?
5
What is the units digit of 1798?
8
What is the thousands digit of 64667?
4
What is the hundreds digit of 26780?
7
What is the units digit of 95941?
1
What is the ten thousands digit of 50393?
5
What is the ten thousands digit of 80664?
8
What is the tens digit of 1397?
9
What is the hundreds digit of 1318?
3
What is the units digit of 33426?
6
What is the tens digit of 2155?
5
What is the units digit of 33270?
0
What is the hundreds digit of 5656?
6
What is the thousands digit of 8474?
8
What is the units digit of 1354?
4
What is the hundreds digit of 5153?
1
What is the ten thousands digit of 30130?
3
What is the hundreds digit of 4527?
5
What is the tens digit of 8365?
6
What is the thousands digit of 31477?
1
What is the hundreds digit of 3237?
2
What is the tens digit of 519?
1
What is the ten thousands digit of 106548?
0
What is the hundreds digit of 1957?
9
What is the hundreds digit of 56562?
5
What is the thousands digit of 1183?
1
What is the thousands digit of 7869?
7
What is the thousands digit of 1025?
1
What is the tens digit of 3610?
1
What is the thousands digit of 2360?
2
What is the tens digit of 3481?
8
What is the hundreds digit of 5664?
6
What is the thousands digit of 6002?
6
What is the tens digit of 4683?
8
What is the units digit of 1062?
2
What is the ten thousands digit of 11060?
1
What is the thousands digit of 5855?
5
What is the thousands digit of 19383?
9
What is the tens digit of 984?
8
What is the tens digit of 3984?
8
What is the tens digit of 76?
7
What is the tens digit of 981?
8
What is the units digit of 37916?
6
What is the thousands digit of 59341?
9
What is the thousands digit of 1364?
1
What is the ten thousands digit of 69588?
6
What is the tens digit of 542?
4
What is the units digit of 11820?
0
What is the units digit of 8312?
2
What is the ten thousands digit of 18063?
1
What is the units digit of 1130?
0
What is the units digit of 278?
8
What is the thousands digit of 1428?
1
What is the units digit of 357?
7
What is the hundreds digit of 5484?
4
What is the thousands digit of 10556?
0
What is the thousands digit of 7789?
7
What is the thousands digit of 2537?
2
What is the ten thousands digit of 11461?
1
What is the tens digit of 4866?
6
What is the thousands digit of 2385?
2
What is the tens digit of 4911?
1
What is the tens digit of 402?
0
What is the hundreds digit of 7768?
7
What is the hundreds digit of 2300?
3
What is the tens digit of 18501?
0
What is the hundreds digit of 3055?
0
What is the thousands digit of 3917?
3
What is the hundreds digit of 199?
1
What is the units digit of 12081?
1
What is the thousands digit of 14319?
4
What is the tens digit of 2596?
9
What is the hundreds digit of 1655?
6
What is the ten thousands digit of 10178?
1
What is the units digit of 2686?
6
What is the hundreds digit of 49609?
6
What is the hundreds digit of 4275?
2
What is the ten thousands digit of 11307?
1
What is the thousands digit of 1817?
1
What is the units digit of 33311?
1
What is the hundreds digit of 10396?
3
What is the tens digit of 154?
5
What is the units digit of 7565?
5
What is the units digit of 17881?
1
What is the thousands digit of 105116?
5
What is the hundreds digit of 4784?
7
What is the hundreds digit of 830?
8
What is the thousands digit of 23686?
3
What is the hundreds digit of 7503?
5
What is the units digit of 1718?
8
What is the units digit of 16316?
6
What is the hundreds digit of 1912?
9
What is the hundreds digit of 1087?
0
What is the units digit of 15458?
8
What is the ten thousands digit of 29488?
2
What is the tens digit of 4198?
9
What is the thousands digit of 49900?
9
What is the units digit of 2400?
0
What is the units digit of 173?
3
What is the units digit of 1973?
3
What is the thousands digit of 60942?
0
What is the hundreds digit of 538?
5
What is the units digit of 63761?
1
What is the hundreds digit of 331?
3
What is the units digit of 1329?
9
What is the units digit of 6066?
6
What is the hundreds digit of 2255?
2
What is the units digit of 23918?
8
What is the units digit of 33128?
8
What is the units digit of 7276?
6
What is the units digit of 243?
3
What is the thousands digit of 35188?
5
What is the units digit of 7587?
7
What is the tens digit of 42?
4
What is the tens digit of 87518?
1
What is the hundreds digit of 46534?
5
What is the hundreds digit of 7196?
1
What is the hundreds digit of 6104?
1
What is the units digit of 1203?
3
What is the tens digit of 108565?
6
What is the tens digit of 1372?
7
What is the thousands digit of 5961?
5
What is the hundreds digit of 441?
4
What is the thousands digit of 10744?
0
What is the units digit of 1707?
7
What is the tens digit of 6571?
7
What is the thousands digit of 8100?
8
What is the tens digit of 42?
4
What is the hundreds digit of 214?
2
What is the tens digit of 43461?
6
What is the units digit of 85339?
9
What is the tens digit of 30466?
6
What is the hundreds digit of 255?
2
What is the units digit of 1574?
4
What is the units digit of 583?
3
What is the hundreds digit of 569?
5
What is the tens digit of 1026?
2
What is the thousands digit of 1903?
1
What is the tens digit of 6123?
2
What is the hundreds digit of 15984?
9
What is the units digit of 537?
7
What is the hundreds digit of 998?
9
What is the tens digit of 3613?
1
What is the units digit of 12697?
7
What is the units digit of 57476?
6
What is the tens digit of 2614?
1
What is the thousands digit of 93131?
3
What is the units digit of 13676?
6
What is the thousands digit of 10233?
0
What is the units digit of 4368?
8
What is the ten thousands digit of 16934?
1
What is the units digit of 27078?
8
What is the tens digit of 3840?
4
What is the thousands digit of 1525?
1
What is the units digit of 3034?
4
What is the hundreds digit of 576?
5
What is the units digit of 57193?
3
What is the thousands digit of 3842?
3
What is the hundreds digit of 1415?
4
What is the thousands digit of 34128?
4
What is the tens digit of 4144?
4
What is the tens digit of 2027?
2
What is the hundreds digit of 18794?
7
What is the thousands digit of 5558?
5
What is the tens digit of 241?
4
What is the tens digit of 17768?
6
What is the tens digit of 1930?
3
What is the tens digit of 1981?
8
What is the units digit of